9401 a composite number?
True
Is 48613 a composite number?
True
Is 2047 a composite number?
True
Is 15391 a prime number?
True
Is 127793 composite?
True
Is 2632151 a composite number?
False
Is 72017 a prime number?
False
Is 50489 prime?
False
Is 18391 composite?
True
Is 2495 a composite number?
True
Is 9491 prime?
True
Is 4193 a composite number?
True
Is 2647 a prime number?
True
Is 4177 prime?
True
Is 5963 a prime number?
False
Is 1138 composite?
True
Is 8169491 a prime number?
False
Is 425101 a composite number?
False
Is 257 prime?
True
Is 14485 a prime number?
False
Is 5024233 prime?
True
Is 7993 prime?
True
Is 4547 composite?
False
Is 549667 prime?
True
Is 13045 prime?
False
Is 1543 prime?
True
Is 13307 a composite number?
True
Is 318737 a composite number?
False
Is 200435 prime?
False
Is 249943 a prime number?
True
Is 48799 a prime number?
True
Is 48206 prime?
False
Is 491603 a composite number?
True
Is 2012963 prime?
False
Is 9733 a composite number?
False
Is 67033 prime?
True
Is 79301 composite?
False
Is 117163 a composite number?
False
Is 950329 composite?
False
Is 1775471 composite?
False
Is 24729 a prime number?
False
Is 24441 a composite number?
True
Is 43277 a composite number?
True
Is 77299 prime?
False
Is 101917 a prime number?
True
Is 170645 a prime number?
False
Is 635174 composite?
True
Is 599 composite?
False
Is 17539 composite?
False
Is 807071 a composite number?
False
Is 3427 composite?
True
Is 869 a composite number?
True
Is 2159 a composite number?
True
Is 298055 a prime number?
False
Is 10063 a composite number?
True
Is 718603 a composite number?
False
Is 69809 a prime number?
True
Is 6427 prime?
True
Is 2831 a composite number?
True
Is 192473 prime?
False
Is 45281 a prime number?
True
Is 1535 prime?
False
Is 748333 prime?
False
Is 159837 prime?
False
Is 10559 a prime number?
True
Is 31973 composite?
False
Is 51193 a prime number?
True
Is 87155 prime?
False
Is 231241 a prime number?
True
Is 141893 composite?
True
Is 5293 a composite number?
True
Is 71458 a prime number?
False
Is 1861 prime?
True
Is 18859 a composite number?
False
Is 512137 prime?
True
Is 1527951 a prime number?
False
Is 10973 composite?
False
Is 148315 a prime number?
False
Is 2859 prime?
False
Is 49097 a prime number?
False
Is 677 prime?
True
Is 286707 prime?
False
Is 60859 a composite number?
False
Is 37 a composite number?
False
Is 70199 a composite number?
False
Is 163 a prime number?
True
Is 133921 a composite number?
True
Is 296089 a composite number?
True
Is 9655 composite?
True
Is 1439413 prime?
True
Is 215051 a composite number?
False
Is 547171 a prime number?
True
Is 2819 composite?
False
Is 10405 composite?
True
Is 89 a composite number?
False
Is 809029 prime?
False
Is 1331313 composite?
True
Is 36289 a composite number?
True
Is 690719 prime?
True
Is 7960991 composite?
False
Is 5197 a prime number?
True
Is 237877 a composite number?
False
Is 10411 a composite number?
True
Is 65117 prime?
False
Is 1210229 composite?
False
Is 28727 composite?
True
Is 25031 prime?
True
Is 43541 a prime number?
True
Is 53063 a composite number?
True
Is 58039 prime?
False
Is 1698157 prime?
False
Is 290965 composite?
True
Is 76649 composite?
False
Is 229397 a composite number?
True
Is 333923 composite?
False
Is 45517 a prime number?
False
Is 7207 prime?
True
Is 143357 composite?
False
Is 4811 prime?
False
Is 579311 a composite number?
False
Is 30781 a prime number?
True
Is 485201 a composite number?
False
Is 292555 composite?
True
Is 726911 a prime number?
True
Is 142691 a prime number?
False
Is 29059 a composite number?
False
Is 38783 a composite number?
False
Is 295693 a composite number?
False
Is 120541 a prime number?
False
Is 1931 a composite number?
False
Is 10639 composite?
False
Is 4172851 a prime number?
True
Is 154853 composite?
True
Is 7403 prime?
False
Is 12713 prime?
True
Is 94421 prime?
True
Is 1091 composite?
False
Is 59071 prime?
False
Is 252313 composite?
False
Is 1907 a prime number?
True
Is 380981 a composite number?
True
Is 883213 composite?
False
Is 1432667 composite?
False
Is 69919 a prime number?
False
Is 88017 a prime number?
False
Is 11507 composite?
True
Is 45231 prime?
False
Is 2054579 a composite number?
False
Is 67153 a prime number?
True
Is 36965 composite?
True
Is 315691 a composite number?
False
Is 44393 a composite number?
True
Is 6401 a prime number?
False
Is 3989 a prime number?
True
Is 856066 prime?
False
Is 28321 prime?
False
Is 29039 a composite number?
True
Is 70027 prime?
False
Is 208277 composite?
False
Is 6287 a prime number?
True
Is 1203121 a prime number?
True
Is 315291 composite?
True
Is 58477 prime?
True
Is 55261 prime?
False
Is 1087 composite?
False
Is 78817 a prime number?
False
Is 4079 a composite number?
False
Is 8657 prime?
False
Is 3137 prime?
True
Is 49382 a prime number?
False
Is 2438651 prime?
False
Is 183 prime?
False
Is 7247 a composite number?
False
Is 9038 a prime number?
False
Is 18317 prime?
False
Is 147635 a composite number?
True
Is 31579 composite?
True
Is 40577 a prime number?
True
Is 56629 a prime number?
True
Is 751297 a composite number?
False
Is 13487 a prime number?
True
Is 5345 prime?
False
Is 49615 a composite number?
True
Is 154655 a composite number?
True
Is 72563 prime?
False
Is 42233 prime?
False
Is 77591 composite?
False
Is 81547 a prime number?
True
Is 38785 composite?
True
Is 31793 composite?
False
Is 223999 a prime number?
True
Is 34163 prime?
False
Is 15231 prime?
False
Is 11105 composite?
True
Is 200359 prime?
False
Is 4357 a composite number?
False
Is 119683 a prime number?
False
Is 10903 a prime number?
True
Is 6121 a prime number?
True
Is 66182 prime?
False
Is 15969 prime?
False
Is 32749 prime?
True
Is 312551 composite?
False
Is 4339 prime?
True
Is 64997 a prime number?
True
Is 1006 a composite number?
True
Is 2759 composite?
True
Is 33541 a prime number?
False
Is 2429 prime?
False
Is 17869 prime?
False
Is 5077 a composite number?
False
Is 2383613 composite?
False
Is 40897 prime?
True
Is 387227 a composite number?
False
Is 320719 composite?
True
Is 5507 a composite number?
False
Is 270815 composite?
True
Is 316271 a prime number?
True
Is 83833 a prime number?
True
Is 6353 composite?
False
Is 185099 prime?
True
Is 1151 a prime number?
True
Is 88771 composite?
False
Is 3466 a composite number?
True
Is 3327 a composite number?
True
Is 44729 composite?
False
Is 660369 a composite number?
True
Is 288179 a prime number?
True
Is 28787 a prime number?
False
Is 9091 prime?
True
Is 80467 prime?
False
Is 9601 composite?
False
Is 240181 a prime number?
False
Is 73181 a composite number?
False
Is 62753 a composite number?
False
Is 3779 a composite number?
False
Is 20143 prime?
True
Is 8377 a prime number?
True
Is 370093 prime?
False
Is 54407 a composite number?
True
Is 123 prime?
False
Is 43171 a prime number?
False
Is 265703 a prime number?
True
Is 18514 a composite number?
True
Is 319291 a composite number?
True
Is 23774 composite?
True
Is 438479 a composite number?
False
Is 1175651 a prime number?
True
Is 1381 composite?
False
Is 14131 a composite number?
True
Is 220697 composite?
True
Is 13649 prime?
True
Is 630101 composite?
False
Is 154274 composite?
True
Is 63398 a composite number?
True
Is 85037 a prime number?
True
Is 49519 a composite number?
True
Is 156734 prime?
False
Is 734417 a composite number?
True
Is 13751 composite?
False
Is 11783 prime?
True
Is 89261 a prime number?
True
Is 25609 composite?
False
Is 178197 composite?
True
Is 387833 composite?
True
Is 1093021 a composite number?
True
Is 30689 composite?
False
Is 232207 a composite number?
False
Is 8213 a prime number?
False
Is 11303 a prime number?
False
Is 539039 a composite number?
False
Is 99103 a composite number?
False
Is 20429 a composite number?
True
Is 49169 prime?
True
Is 13517 prime?
False
Is 236821 prime?
False
Is 57569 a composite number?
True
Is 1532957 prime?
True
Is 1799 a prime number?
False
Is 6977 a composite number?
False
Is 87077 composite?
True
Is 1035143 composite?
True
Is 5603 a prime number?
False
Is 578647 prime?
True
Is 49391 a composite number?
False
Is 567029 a composite number?
True
Is 639337 prime?
True
Is 58606 prime?
False
Is 15955 composite?
True
Is 120026 a composite number?
True
Is 12827 